at is the remainder when 20017 is divided by 110?
107
Calculate the remainder when 225 is divided by 47.
37
Calculate the remainder when 1150 is divided by 13.
6
Calculate the remainder when 250 is divided by 51.
46
What is the remainder when 1271 is divided by 13?
10
Calculate the remainder when 496 is divided by 155.
31
What is the remainder when 88 is divided by 52?
36
What is the remainder when 46 is divided by 5?
1
What is the remainder when 1796 is divided by 150?
146
Calculate the remainder when 190 is divided by 57.
19
Calculate the remainder when 54 is divided by 4.
2
What is the remainder when 1259 is divided by 12?
11
What is the remainder when 2003 is divided by 12?
11
What is the remainder when 2678 is divided by 20?
18
Calculate the remainder when 251 is divided by 16.
11
Calculate the remainder when 115 is divided by 105.
10
What is the remainder when 1448 is divided by 162?
152
Calculate the remainder when 283 is divided by 22.
19
What is the remainder when 3632 is divided by 1810?
12
What is the remainder when 112 is divided by 23?
20
Calculate the remainder when 96 is divided by 14.
12
Calculate the remainder when 2845 is divided by 566.
15
Calculate the remainder when 504 is divided by 17.
11
What is the remainder when 686 is divided by 38?
2
Calculate the remainder when 373 is divided by 34.
33
What is the remainder when 2713 is divided by 40?
33
Calculate the remainder when 734 is divided by 49.
48
What is the remainder when 110 is divided by 14?
12
What is the remainder when 39 is divided by 11?
6
Calculate the remainder when 670 is divided by 358.
312
What is the remainder when 607 is divided by 25?
7
Calculate the remainder when 240 is divided by 19.
12
Calculate the remainder when 50613 is divided by 171.
168
Calculate the remainder when 87 is divided by 9.
6
What is the remainder when 2201 is divided by 116?
113
What is the remainder when 285 is divided by 22?
21
Calculate the remainder when 795 is divided by 44.
3
What is the remainder when 86 is divided by 15?
11
Calculate the remainder when 790 is divided by 13.
10
What is the remainder when 524 is divided by 35?
34
What is the remainder when 614 is divided by 208?
198
What is the remainder when 521 is divided by 126?
17
What is the remainder when 1268 is divided by 67?
62
Calculate the remainder when 353 is divided by 115.
8
Calculate the remainder when 5300 is divided by 312.
308
Calculate the remainder when 1656 is divided by 185.
176
What is the remainder when 620 is divided by 12?
8
Calculate the remainder when 21251 is divided by 276.
275
Calculate the remainder when 553 is divided by 31.
26
What is the remainder when 2750 is divided by 172?
170
What is the remainder when 35 is divided by 22?
13
What is the remainder when 643 is divided by 93?
85
Calculate the remainder when 2012 is divided by 18.
14
What is the remainder when 1060 is divided by 18?
16
Calculate the remainder when 289 is divided by 168.
121
Calculate the remainder when 367 is divided by 196.
171
Calculate the remainder when 142 is divided by 36.
34
What is the remainder when 1180 is divided by 37?
33
Calculate the remainder when 1229 is divided by 15.
14
Calculate the remainder when 152 is divided by 22.
20
What is the remainder when 544 is divided by 259?
26
Calculate the remainder when 17966 is divided by 151.
148
Calculate the remainder when 627 is divided by 8.
3
Calculate the remainder when 9510 is divided by 1900.
10
What is the remainder when 271 is divided by 234?
37
What is the remainder when 182 is divided by 77?
28
Calculate the remainder when 477 is divided by 139.
60
What is the remainder when 2213 is divided by 110?
13
Calculate the remainder when 61 is divided by 13.
9
Calculate the remainder when 3431 is divided by 156.
155
What is the remainder when 1137 is divided by 95?
92
What is the remainder when 5044 is divided by 49?
46
Calculate the remainder when 775 is divided by 366.
43
What is the remainder when 112 is divided by 73?
39
Calculate the remainder when 731 is divided by 400.
331
Calculate the remainder when 41 is divided by 11.
8
Calculate the remainder when 4921 is divided by 1230.
1
Calculate the remainder when 1317 is divided by 12.
9
What is the remainder when 14419 is divided by 209?
207
What is the remainder when 202 is divided by 38?
12
What is the remainder when 3956 is divided by 37?
34
What is the remainder when 440 is divided by 8?
0
Calculate the remainder when 623 is divided by 449.
174
Calculate the remainder when 784 is divided by 37.
7
Calculate the remainder when 298 is divided by 4.
2
What is the remainder when 2148 is divided by 166?
156
Calculate the remainder when 33 is divided by 19.
14
Calculate the remainder when 658 is divided by 66.
64
Calculate the remainder when 13517 is divided by 16.
13
What is the remainder when 924 is divided by 93?
87
What is the remainder when 338 is divided by 11?
8
What is the remainder when 717 is divided by 9?
6
Calculate the remainder when 1294 is divided by 81.
79
Calculate the remainder when 18197 is divided by 35.
32
Calculate the remainder when 91 is divided by 69.
22
What is the remainder when 226 is divided by 25?
1
Calculate the remainder when 1514 is divided by 214.
16
What is the remainder when 608 is divided by 22?
14
What is the remainder when 1143 is divided by 258?
111
What is the remainder when 122 is divided by 23?
7
Calculate the remainder when 301 is divided by 38.
35
Calculate the remainder when 1460 is divided by 17.
15
Calculate the remainder when 557 is divided by 31.
30
Calculate the remainder when 446 is divided by 219.
8
Calculate the remainder when 2771 is divided by 66.
65
Calculate the remainder when 1160 is divided by 9.
8
Calculate the remainder when 4126 is divided by 98.
10
Calculate the remainder when 126 is divided by 22.
16
Calculate the remainder when 33 is divided by 6.
3
Calculate the remainder when 25056 is divided by 35.
31
What is the remainder when 1714 is divided by 32?
18
What is the remainder when 793 is divided by 17?
11
What is the remainder when 3569 is divided by 1782?
5
What is the remainder when 216 is divided by 63?
27
What is the remainder when 291 is divided by 13?
5
Calculate the remainder when 41 is divided by 7.
6
Calculate the remainder when 1124 is divided by 113.
107
Calculate the remainder when 54 is divided by 15.
9
What is the remainder when 297 is divided by 10?
7
Calculate the remainder when 9450 is divided by 3146.
12
Calculate the remainder when 1477 is divided by 492.
1
What is the remainder when 377 is divided by 35?
27
Calculate the remainder when 455 is divided by 3.
2
What is the remainder when 88 is divided by 7?
4
What is the remainder when 1408 is divided by 672?
64
Calculate the remainder when 153 is divided by 85.
68
What is the remainder when 135 is divided by 35?
30
What is the remainder when 3451 is divided by 32?
27
Calculate the remainder when 82933 is divided by 285.
283
What is the remainder when 188 is divided by 38?
36
Calculate the remainder when 495 is divided by 31.
30
What is the remainder when 2415 is divided by 302?
301
Calculate the remainder when 3430 is divided by 13.
11
What is the remainder when 15040 is divided by 41?
34
Calculate the remainder when 202 is divided by 117.
85
Calculate the remainder when 456 is divided by 54.
24
What is the remainder when 929 is divided by 39?
32
Calculate the remainder when 6040 is divided by 53.
51
What is the remainder when 5204 is divided by 84?
80
Calculate the remainder when 46 is divided by 28.
18
What is the remainder when 1338 is divided by 114?
84
What is the remainder when 142 is divided by 70?
2
Calculate the remainder when 448 is divided by 35.
28
What is the remainder when 26 is divided by 2?
0
What is the remainder when 107 is divided by 79?
28
Calculate the remainder when 491 is divided by 71.
65
Calculate the remainder when 51 is divided by 9.
6
Calculate the remainder when 12384 is divided by 136.
8
What is the remainder when 77893 is divided by 56?
53
Calculate the remainder when 4088 is divided by 77.
7
Calculate the remainder when 108 is divided by 89.
19
What is the remainder when 64 is divided by 13?
12
Calculate the remainder when 984 is divided by 188.
44
